e
Is 13087 a prime number?
False
Is 10559 a prime number?
True
Is 419417 a prime number?
True
Is 58202 prime?
False
Is 231949 composite?
True
Is 104141 composite?
True
Is 586281 prime?
False
Is 54829 composite?
False
Is 341 composite?
True
Is 203549 a composite number?
False
Is 5921 composite?
True
Is 474119 prime?
True
Is 39407 a composite number?
True
Is 18741 a prime number?
False
Is 84107 a prime number?
False
Is 91527 prime?
False
Is 50419 composite?
True
Is 935413 composite?
False
Is 65811 a composite number?
True
Is 14969 composite?
False
Is 42953 a composite number?
False
Is 49145 composite?
True
Is 203069 composite?
True
Is 9901 a composite number?
False
Is 828407 composite?
False
Is 14519 a prime number?
True
Is 3511 a prime number?
True
Is 5519 a composite number?
False
Is 52013 composite?
True
Is 17561 a composite number?
True
Is 641 composite?
False
Is 628093 composite?
False
Is 294871 a prime number?
False
Is 67927 prime?
True
Is 477839 a prime number?
True
Is 4709 a prime number?
False
Is 194309 a prime number?
True
Is 3163 composite?
False
Is 14257 a prime number?
False
Is 57107 prime?
True
Is 51743 a composite number?
True
Is 79 composite?
False
Is 21251 a prime number?
False
Is 32135 a composite number?
True
Is 10807 a prime number?
False
Is 133183 a composite number?
False
Is 5471 a prime number?
True
Is 24501 composite?
True
Is 39133 composite?
False
Is 200582 prime?
False
Is 71119 prime?
True
Is 162433 prime?
False
Is 140299 composite?
True
Is 1303739 prime?
True
Is 51877 composite?
True
Is 203257 a composite number?
True
Is 36761 composite?
False
Is 745697 a prime number?
True
Is 11213 composite?
False
Is 555337 prime?
True
Is 483937 prime?
True
Is 140813 prime?
True
Is 118343 a prime number?
True
Is 303967 a prime number?
False
Is 2767 composite?
False
Is 209 prime?
False
Is 808517 a prime number?
True
Is 59973 a composite number?
True
Is 1731 a prime number?
False
Is 57691 a prime number?
False
Is 1145197 a composite number?
True
Is 815 a composite number?
True
Is 17371 prime?
False
Is 3967 a prime number?
True
Is 3785 a prime number?
False
Is 31237 a composite number?
False
Is 66491 prime?
True
Is 814741 a prime number?
True
Is 463547 composite?
True
Is 962813 prime?
False
Is 60487 prime?
False
Is 4885 a composite number?
True
Is 178993 composite?
True
Is 298715 a composite number?
True
Is 17637 a composite number?
True
Is 17077 a prime number?
True
Is 4049 prime?
True
Is 584911 a composite number?
False
Is 2953163 a prime number?
True
Is 79583 a prime number?
False
Is 111577 a prime number?
True
Is 158551 prime?
True
Is 1138747 a composite number?
True
Is 979787 a composite number?
False
Is 138781 composite?
True
Is 32837 a composite number?
True
Is 258767 composite?
True
Is 187771 prime?
False
Is 49597 composite?
False
Is 117617 prime?
True
Is 40217 prime?
False
Is 42641 composite?
False
Is 4853 a prime number?
False
Is 989327 prime?
True
Is 141829 a composite number?
False
Is 19333 prime?
True
Is 301571 composite?
True
Is 428189 a prime number?
False
Is 258407 prime?
True
Is 2651 prime?
False
Is 2462639 prime?
True
Is 15109 a composite number?
True
Is 5583 composite?
True
Is 48337 a prime number?
True
Is 1361 composite?
False
Is 31281 a prime number?
False
Is 378847 composite?
True
Is 16307 prime?
False
Is 1441 prime?
False
Is 1461307 a prime number?
False
Is 195213 prime?
False
Is 4037 prime?
False
Is 187607 prime?
False
Is 2423 prime?
True
Is 7 a composite number?
False
Is 16607 a composite number?
False
Is 564041 composite?
False
Is 81617 composite?
True
Is 167329 composite?
False
Is 1009 composite?
False
Is 633007 a composite number?
True
Is 106909 composite?
True
Is 14759 a prime number?
True
Is 124511 prime?
False
Is 30307 composite?
False
Is 11113 a composite number?
False
Is 6372527 a prime number?
False
Is 161039 composite?
False
Is 55763 a composite number?
False
Is 36341 a prime number?
True
Is 21347 a composite number?
False
Is 623383 a prime number?
True
Is 2627 a composite number?
True
Is 12659 prime?
True
Is 1273 a composite number?
True
Is 25901 prime?
False
Is 18877 a composite number?
True
Is 443 a composite number?
False
Is 11671 a prime number?
False
Is 31177 a composite number?
False
Is 415 a composite number?
True
Is 62459 composite?
False
Is 251733 a prime number?
False
Is 239383 a prime number?
True
Is 23597 prime?
False
Is 133737 composite?
True
Is 12955 a composite number?
True
Is 1764718 a composite number?
True
Is 18269 composite?
False
Is 63659 a prime number?
True
Is 4271 prime?
True
Is 308761 prime?
True
Is 40862 composite?
True
Is 29629 prime?
True
Is 632243 composite?
True
Is 183461 a composite number?
False
Is 56167 a composite number?
False
Is 6658 prime?
False
Is 518651 prime?
False
Is 1917293 prime?
False
Is 25841 a composite number?
False
Is 13521 a composite number?
True
Is 84737 a composite number?
False
Is 807523 composite?
False
Is 807 composite?
True
Is 2132461 a composite number?
False
Is 261571 a composite number?
True
Is 735013 prime?
False
Is 45527 composite?
True
Is 38107 a prime number?
False
Is 4269 composite?
True
Is 7509 prime?
False
Is 28562 composite?
True
Is 43637 a composite number?
True
Is 4441 prime?
True
Is 13067 a composite number?
True
Is 907 a prime number?
True
Is 20849 a composite number?
False
Is 761093 a composite number?
True
Is 4909 a composite number?
False
Is 33199 a composite number?
False
Is 13589 composite?
True
Is 15451 prime?
True
Is 53773 composite?
False
Is 20663 prime?
True
Is 1499 a composite number?
False
Is 3803 prime?
True
Is 28895 a composite number?
True
Is 2453 composite?
True
Is 1258241 a composite number?
False
Is 139619 a prime number?
True
Is 1061 composite?
False
Is 42863 a composite number?
False
Is 192391 a prime number?
True
Is 65 a prime number?
False
Is 138707 a prime number?
False
Is 207091 prime?
False
Is 991 composite?
False
Is 526481 a prime number?
False
Is 21089 prime?
True
Is 1103461 a composite number?
False
Is 587341 composite?
False
Is 270871 a prime number?
False
Is 275129 a composite number?
False
Is 4049 a prime number?
True
Is 171053 a prime number?
True
Is 1185193 a prime number?
False
Is 7355 a prime number?
False
Is 213359 a prime number?
True
Is 692941 prime?
False
Is 101677 composite?
True
Is 46994 a prime number?
False
Is 3163 a prime number?
True
Is 123263 a prime number?
False
Is 74561 a composite number?
False
Is 6247 composite?
False
Is 30151 composite?
True
Is 16241 a prime number?
False
Is 25301 a prime number?
True
Is 159787 a composite number?
False
Is 51477 composite?
True
Is 69 prime?
False
Is 167861 a composite number?
False
Is 97367 a prime number?
True
Is 7233 a composite number?
True
Is 81157 a composite number?
False
Is 1197527 prime?
True
Is 1641 a composite number?
True
Is 31877 composite?
True
Is 1187681 a composite number?
True
Is 171485 a composite number?
True
Is 1164461 a composite number?
False
Is 17159 composite?
False
Is 391829 composite?
True
Is 137087 prime?
True
Is 2062921 a prime number?
False
Is 1498921 a composite number?
False
Is 60127 a prime number?
True
Is 2009957 a composite number?
False
Is 117037 prime?
True
Is 1987 a composite number?
False
Is 456427 a prime number?
True
Is 201673 a prime number?
True
Is 30367 a prime number?
True
Is 15529 prime?
False
Is 841391 composite?
False
Is 173449 a composite number?
True
Is 212081 prime?
True
Is 608951 a prime number?
False
Is 253 a composite number?
True
Is 29081 a prime number?
False
Is 483139 prime?
True
Is 12451 composite?
False
Is 54443 composite?
False
Is 209347 composite?
False
Is 7261 a prime number?
False
Is 72482 a prime number?
False
Is 942079 a composite number?
False
Is 44873 prime?
False
Is 1531 a prime number?
True
Is 75817 a composite number?
True
Is 38123 prime?
False
Is 4007 composite?
False
Is 51001 prime?
True
Is 38501 a prime number?
True
Is 4703 a composite number?
False
Is 73417 prime?
True
Is 1093943 composite?
False
Is 11777 composite?
False
Is 8962 composite?
True
Is 8333 composite?
True
Is 379993 prime?
True
Is 5189 prime?
True
Is 25013 prime?
True
Is 235397 composite?
False
Is 2577329 a prime number?
True
Is 61991 a prime number?
True
Is 50981 a composite number?
True
Is 723547 a prime numb